 16. Let q(k) = -3*k - 22. Determine q(o).
-10
Suppose 0 = 5*o + d - 15, -2*d + 9 + 7 = 3*o. Let u(t) = 2*t**2 - t + 2. Let n be u(0). Let q(z) = -o*z - 6*z**2 - 5*z**n - 8*z**2 + 3*z. Determine q(-1).
-20
Let l(x) = -41*x - 317 - 165 - 171. Determine l(-16).
3
Let j(s) = -4*s**2 - 8*s - 58. Let z(v) = 10*v**2 + 14*v + 95. Let d(x) = 5*j(x) + 3*z(x). Calculate d(-2).
31
Let z(f) = -9*f - 96. Let p(q) = -3*q - 32. Let k(l) = 7*p(l) - 2*z(l). Let o be k(-8). Let y(u) = 2 + 6 + 2*u + 3 + 0*u. Calculate y(o).
-5
Suppose -14*s - 843 = -759. Let o = 0 - -6. Let j(u) = -3*u - 3*u - 2*u**2 + u + u**2 - o. Give j(s).
-12
Let l(o) = -590334*o - 4 - 3*o**3 + 3 + 590350*o + 18*o**2. Give l(-1).
4
Let a(l) = 6*l. Let k(p) be the third derivative of p**5/60 - 5*p**4/6 + 21*p**3/2 - 85*p**2. Let r be k(16). What is a(r)?
-6
Let o = 105 - 92. Let j(z) = z**3 - 13*z**2 - z + 20. Let q be j(o). Suppose 12*m = q*m - 30. Let l(t) = -t. What is l(m)?
6
Let x(p) = -2*p + 17. Let n(l) = 38*l - 38 - 35*l + 5. Let b(r) = -3*n(r) - 5*x(r). Let h be (60/(-25))/((-8)/(-20)). What is b(h)?
8
Suppose 21*m - m - 160 = 0. Suppose -3 = v, 5*l - 29 = -v + m. Let a(o) = o**3 - 8*o**2 + 5*o - 3. What is a(l)?
37
Suppose 138 = -13*h + 229. Let s(o) = 1003 + h*o - 1003. Determine s(-1).
-7
Let q(f) = -5*f - 2. Suppose -10 = b - 15. Let a be q(b). Let t = a + 22. Let i(v) = v**2 + 7*v + 4. Determine i(t).
-6
Let x(s) = -39*s + 1612. Let v(k) = -13*k + 517. Let c(p) = -10*v(p) + 3*x(p). Determine c(27).
17
Let a(w) = 8*w**2 + 5*w - 4. Let k be a(1). Let q be (-1)/((-2)/k)*(-28)/(-42). Let r(j) = 4*j**2 + 24*j + 6 - q*j**2 - 17*j. What is r(-6)?
0
Let s(r) = -r - 11. Let d = -281 - -479. Suppose 193*f - 55 = d*f. Determine s(f).
0
Let x(t) = 435*t + 5*t**2 - 432*t - 5*t**3 + 3 - 5*t**2. Let b be x(-1). Let y(z) = -z**3 + 4*z**2 + 3*z - 6. What is y(b)?
-16
Let t(c) = -7*c**3 + 18 + 8*c + 16 + 8*c**2 + 17*c**3 - 37. Let y(x) = -3*x**3. Let k(h) = t(h) + 3*y(h). What is k(-7)?
-10
Suppose -13*z + 11*z = -3*f - 1025, -z = -5*f - 495. Suppose -524*s + z*s = -4. Let c(v) be the second derivative of 5*v**3/3 - v. What is c(s)?
10
Let l(h) = 1940*h - 1944*h - 42 - 40 + 4*h**2 + 86. Calculate l(2).
12
Let x(s) = s**2 - s + 10. Let v(g) = -g**2 - 14*g + 17. Let w(c) = c**2 + 12*c - 18. Let u(i) = 2*v(i) + 3*w(i). Let t be u(-10). Determine x(t).
10
Let f(m) = -4*m - 28. Let d(o) = -o - 9. Let i(r) = -7*d(r) + 2*f(r). Let j(n) = 22*n - 27. Let h be j(4). Let v = 68 - h. What is i(v)?
0
Suppose r + 20 = 5*o, 4*r - 5*o - 27 = -47. Let c(x) be the second derivative of -1/10*x**5 + 20*x + 1/6*x**3 + r - 1/12*x**4 - 1/2*x**2. Give c(2).
-19
Let w(i) = i**2. Let y(v) = -4*v**2 + 7*v. Let p(m) = -3*w(m) - y(m). Let n(u) = -2*u**2 + 2*u**2 - 2*u**2 + 12 - 4*u + u**2. Let k be n(-5). Calculate p(k).
0
Suppose 5*z - 16 = -1. Let r be 2/4 + (8 - (-119)/(-14)). Let y(o) = -o**2 + r*o**2 - 11*o**z + 31 - 30. What is y(-1)?
11
Let v(d) = -12*d - 104. Suppose 5*c - 10*h + 20 = 0, 11*c - 44 = 16*c + 2*h. Calculate v(c).
-8
Let d(s) be the second derivative of -1/6*s**4 + 0 - 1/2*s**2 + 1/4*s**5 + 1/3*s**3 + 148*s. Give d(1).
4
Let n be 0/(2*(-4 - -3)). Let s(j) be the first derivative of j**2/2 + 5*j - 17. Let c(b) = -1. Let o(u) = 4*c(u) - s(u). Determine o(n).
-9
Let f(q) = -q**2 + 8*q - 18. Suppose -5*o - 5*d + 15 = 0, -3*d + 107 = 4*o + 94. Determine f(o).
-2
Let m(c) = -c**3 + 18789*c - 24*c**2 - 18737*c - 20 + 8. Determine m(-26).
-12
Suppose r - w = -2*w - 4, w = 4*r + 6. Let z(i) = -51*i**3 + 169*i**3 + 1 - 58*i**3 + 0 - i - 59*i**3 + i**2. Calculate z(r).
-1
Let d(n) be the second derivative of -1/3*n**3 - 1/60*n**5 + 11/2*n**2 + 7*n - 1/4*n**4 + 0. Let m(c) be the first derivative of d(c). Give m(-5).
3
Let q(m) = -m**2 + m + 4. Suppose -394 = 42*y + 236. Let w be 10 - (-8 - 0 - y). What is q(w)?
-2
Let s(d) = d + 2. Suppose -4*t = -v + t - 4, 5*t - 20 = 0. Let c = -386 + 394. Suppose -10*i = -c*i + v. Calculate s(i).
-6
Let z(n) = 2*n**3 + 8*n**2 + 11*n - 3. Suppose -70 = 70*d + 49 + 91. Give z(d).
-18
Let q(t) = -316*t - 13 + 330*t + 14. Let k = 5 - 6. Give q(k).
-13
Let o(a) = a**3 + 8*a**2 + 7*a + 2. Let t be (-187)/(-9) + 2/9. Let y be ((-70)/t - 3) + 3/9. Give o(y).
32
Let y(u) = -5*u**2 + 8*u + 15. Let t(c) = -17*c**2 + 25*c + 45. Let w(b) = -2*t(b) + 7*y(b). Give w(8).
-1
Let f(g) = g - 10. Suppose 0 = 16*b + 32*b + 192. Give f(b).
-14
Let b(n) = -n**2 - 39*n - 2. Let i(t) = 3*t**2 + 152*t + 51. Let x(d) = 4*b(d) + i(d). Calculate x(-7).
22
Let g(z) = -100*z - 107. Let l be ((-2)/(-6))/(1691/57 + -30). Calculate g(l).
-7
Suppose 30*x + 49*x = 2449. Suppose o + 2 = 31. Let d = o - x. Let l(c) = 4*c**2 + 2*c - 2. What is l(d)?
10
Let t(u) = -u**2 + 2*u - 4. Suppose -k = -6*k - 25, -k - 470 = -3*z. Suppose 2*q - m = -107, -3*m - m - z = 3*q. Let h = -50 - q. Calculate t(h).
-7
Let p be 6/(-6)*5 + 8. Suppose p*x = -3*m - 12, m + m = -3*x - 4. Let o(l) = 2*l + 13. Give o(m).
-3
Let t(s) be the first derivative of -s**2 + 2*s - 3796. Give t(-1).
4
Let p(x) = -5*x**2 - 14*x + 28. Let u(b) = b**2 + 3*b - 2. Let j(n) = -p(n) - 6*u(n). Determine j(5).
-61
Let j(k) = -2*k**3 + 8*k**2 + 3*k + 5. Suppose -832*o = -813*o - 76. Calculate j(o).
17
Let p(j) = 192*j - 11 - 88 - 3*j**2 - 301*j + 57*j. Give p(-2).
-7
Suppose -3*j - 3*y - 965 = -2*y, 0 = 5*y - 5. Let p = -324 - j. Let u(k) = -4*k - 4. What is u(p)?
4
Suppose -u + 16 = 3*c + 17, c - 4*u = -9. Let i be 12 - (c/(-3))/(4/24). Let x(j) = j**2 - 11*j + 6. What is x(i)?
-4
Let z(f) = -68*f**3 - 2*f**2 - 8*f - 5. Let r be z(-1). Let w(v) = 83*v**3 - r*v**3 + 1 + 4*v**2 - 3*v**2 - 1. What is w(-1)?
-13
Let i be (-24)/32*2*6. Let r be 228/48 + i/12. Let k(f) be the third derivative of f**4/24 - 7*f**3/6 + 2*f**2. Calculate k(r).
-3
Let y(n) = 8*n - 4. Let r be (-10)/(-4) + (-540)/72 - -647. Let m = r - 645. What is y(m)?
-28
Let l(g) = -25*g - 4 - g - 28*g + 42*g. Give l(1).
-16
Let l(n) = n + 4. Let j(u) = u**3 - 5*u**2 + 9*u - 2. Let q be j(4). Let o = 22 - q. Let i = o + -11. Give l(i).
-3
Let l = 53 - 89. Let y be -2*86/l + 8/36. Let j(w) = -18*w**3 + y + w + 19*w**3 + 4*w**2 - 1 + 0*w**2. Calculate j(-4).
0
Let j(h) = h**2 + 3*h - h**3 - 2*h + 4 + 0. Let i = 59 - -3. Suppose 9*u - 89 = -i. What is j(u)?
-11
Let i(c) = 5*c**2 - 10*c - 157. Let b(p) = -p**2 + 18. Let n(z) = 7*b(z) + i(z). Give n(-5).
-31
Let z = 108 - 104. Let w(p) = z - 7 + 3*p**2 - 4*p**2 + p. Determine w(0).
-3
Let t(m) = m**2 - 2*m + 1. Suppose 20*b + 7*b - 21330 = 0. Let n = -789 + b. Give t(n).
0
Suppose 0 = k + 2*d + 3*d - 25, 5*d = -4*k + 25. Let f(j) = -7*j**2 - 9 - 9*j + 4*j**2 + k + 2*j**2. Calculate f(-6).
9
Suppose c + 14 = -c. Let h(a) be the first derivative of a**3/3 + 2*a**2 - 14*a + 76385. Calculate h(c).
7
Let d = 27 - 11. Let m be 21 - d - (0 - -1)*0. Let v(u) = -u**2 + 2*u. Let a(b) = b**2 - 2*b. Let p(f) = m*v(f) + 4*a(f). What is p(3)?
-3
Suppose -3*i = 5*y + 6, -i = -9*y + 6*y + 2. Let f be (1 + y)/(0 + (-1)/(-2)). Let s(x) = x - 17 + 3*x**2 + 19 - 4*x**f. What is s(4)?
-10
Let n = 88 + -96. Let i be 6/(-4) + (-28)/n. Let f(o) = -56 + 0*o**2 - o**i + 2*o + 57. Determine f(4).
-7
Suppose -2*m - 8 = -4*q, 0 = 3*m - 2*m + 2*q. Let i(h) = 16*h**2 + 13*h - 11. Let z(o) = 9*o**2 + 7*o - 6. Let k(d) = -4*i(d) + 7*z(d). What is k(m)?
4
Let k = -18 + 10. Let t(j) = 13*j**3 + j**2 + 5*j + 125. Let a(r) = 11*r**3 + 2*r**2 + 3*r + 104. Let f(p) = 6*a(p) - 5*t(p). Determine f(k).
-9
Suppose -2*b - 17 = -5*s, 25*b = 24*b - 3*s + 19. Let h(d) = 8*d**2 - 13. Calculate h(b).
115
Let l(p) = 248*p + 237*p - 745*p + 26 + 3*p**2 + 251*p. Determine l(3).
26
Let d be -2*72/96*-2. Let v(f) = -2*f**3 + 9*f**2 - 14*f + 13. Determine v(d).
-2
Let b(v) be the third derivative of 7/6*v**3 + 1/120*v**6 - 7/60*v**5 + v**2 + 30*v + 0*v**4 + 0. What is b(6)?
-29
Let s(h) = 8*h + 0*h**3 + h**2 + 5 + h**3 - 5*h - 4*h. Suppose 96 - 138 = 14*p. Calculate s(p).
-10
Let b = 35 + -31. Let f(i) = 3 + 5*i**2 - 1 + b - 4*i**2 - 7*i. What is f(5)?
-4
Let v(q) = -q + 10. Let l(d) = 145*d**3 + d + 1. Let s be l(-1). Let w = s - -145. Give v(w).
10
Let m = 224 - 182. Suppose -5*n = 2*n - m. Let f(h) = -2*h + 5. Determine f(n).
-7
Let b(m) = 9*m + 17. Suppose -2*h - 3*f - 4 = 0, -3*h + 4*f - 34 - 23 = 0.